f 2/u - 63/(-14)?
4
Suppose 4*l - l - 9 = 0. What is the units digit of 9 + (l + -3 - 1)?
8
Let f = -11 - -22. What is the units digit of f?
1
Suppose -2*p + 146 = -184. What is the hundreds digit of p?
1
Let n(q) = -2*q + 5. Let j be n(5). Let z be (4/(-10))/(1/j). Suppose 0 = z*m - 3*r - 25, -2*m + 21 = -0*r + r. What is the tens digit of m?
1
Suppose -3*k + g = 4*g - 24, -44 = -2*k + 5*g. Let j = k - 9. What is the units digit of j?
3
Let o = 4 - 8. Let q = o - -9. What is the units digit of q?
5
Let y = 165 - 111. What is the units digit of y?
4
Let w be 2/(-11) + (-24)/(-11). What is the units digit of (-39)/15*(-10)/w?
3
Suppose -4*p + 2 = -2*p. What is the units digit of (p - -2) + 2 + 5?
0
What is the tens digit of ((-127)/(-2))/(1/2)?
2
Suppose 2*n - 19 = 3*o, 0 = -5*n - o - 0*o + 5. Suppose -9 + n = -r. What is the units digit of r?
7
Let h(f) = 4*f**2 + 11*f + 12. What is the units digit of h(-6)?
0
Suppose -4*z + 22 + 4 = 2*c, 5 = z. Suppose c*g - u = 49, -4*g + u + 64 = -0*g. Suppose -5*t = -2*t - g. What is the units digit of t?
5
Suppose 0 = 4*b - 2*g + 3*g - 12, 2*b = 3*g - 8. Suppose 7 = b*k + 31. Let y = k + 23. What is the units digit of y?
1
Let o(x) = 28*x - 20. What is the units digit of o(3)?
4
Let j(g) = -g**2 + 6*g - 5. Let k be j(4). Suppose 6 = k*w - 2*a, 3 = 4*w - 5*a + 4*a. What is the units digit of (-2)/(w - 2/4)?
4
Let l(p) = p**3 - 8*p**2 - 5*p - 10. Suppose 0 = -3*b - 15, 0*b + 5*b + 11 = -2*u. Let q be l(u). What is the units digit of q/(-8) + (-1)/(-4)?
2
Suppose -5*t - o + 5*o = -45, -3*t = 3*o. What is the units digit of t?
5
Suppose 12 = 5*w - 3. Let p(q) = -q**2 + 5*q - 3. Let s be p(w). Suppose -14 + 2 = -s*t. What is the units digit of t?
4
Suppose 116 + 100 = 3*k. What is the units digit of k?
2
Suppose -574 - 161 = -7*z. What is the tens digit of z?
0
Let y(c) = -c**3 - 8*c**2 - 8*c + 6. What is the units digit of y(-7)?
3
Suppose -2*i - 2 = -2*n + 4, 0 = 2*i + n - 6. Suppose 5*y - 24 = i. What is the units digit of y?
5
Let x = -7 + 54. What is the units digit of x?
7
Let m(z) = 4*z**2 + 14*z + 2. Let o(w) = 3*w**2 + 13*w + 1. Let r(d) = 2*m(d) - 3*o(d). What is the tens digit of r(-9)?
1
Let u(t) = -t**2 + 18*t - 2. What is the units digit of u(13)?
3
Let c(i) = i - 1. What is the units digit of c(2)?
1
Suppose -87 = -7*x + 235. What is the units digit of x?
6
Let v = 113 - 55. Suppose -3*g = -g - v. What is the tens digit of g?
2
Let u(r) = 2 + 1 + 2*r**2 + 6*r - 3*r**2. Suppose 2*t + t - 18 = 0. What is the units digit of u(t)?
3
Let l be (-2)/(-6)*3 + 1. Suppose z = k - l*k, 2*k = -z. Suppose t + z*t = 8. What is the units digit of t?
8
Let y = 491 - 334. What is the units digit of y?
7
Let j be 3 - (0 + -3)/3. Let x = -2 + j. What is the units digit of x?
2
Let m(c) = -4*c - 16. What is the units digit of m(-8)?
6
Suppose -4*h = -4*m - 16, -m + 0*m - 2 = 0. Suppose -y = 3, -h*x + 3*x - y = 4. Suppose -5*c + x = -39. What is the units digit of c?
8
Suppose -o + 4*o = 12. Suppose 0 = 2*l - o*l + 78. What is the tens digit of l?
3
Suppose -9 = 4*w + 7. What is the units digit of 51/(-2)*w/3?
4
Let s = -148 + 333. What is the hundreds digit of s?
1
Let n = -6 - -9. Suppose -2*s + k + n + 11 = 0, -4*k = -8. What is the units digit of s?
8
Suppose 54 = 6*x + 3*x. What is the units digit of x?
6
Let h = -135 + 232. What is the units digit of h?
7
Let r = 14 + 6. What is the tens digit of r?
2
Suppose -4*f - 1903 = -5*u, 3*u - 2*u - 389 = -2*f. What is the units digit of u?
3
Suppose 0 = 2*l - 3*l + 2. What is the units digit of -66*(-2)/12*l?
2
Suppose r - 10 = -r. Suppose 0*l + 20 = r*l. Suppose -g = -l*g + 3. What is the units digit of g?
1
Suppose 4*g + 1 + 3 = -2*l, -l - 5*g - 5 = 0. Suppose 3*r + l*r = 24. What is the units digit of r?
8
Suppose x - 2*w - 5 = -0*x, x + 3*w - 5 = 0. Suppose -5*v = x*p - 110, 0 = -5*p - 4*v + v + 102. What is the tens digit of p?
1
Let g(q) = 9*q - 7. Let c be g(-3). What is the units digit of (-1 - -2)*-3 - c?
1
Let h be -10*(-1)/((-20)/(-8)). Suppose -h*p = -5*j + 35, 2*p = -p. What is the units digit of j?
7
Let c(t) = 3 + 0*t**2 - 2*t**2 - 2 + t**3 - 2*t. Let p be c(3). Suppose 0*x + 32 = p*x + w, -x = w - 11. What is the units digit of x?
7
Let k(t) = -t**3 - 21*t**2 - 29*t - 21. What is the hundreds digit of k(-20)?
1
Let w = 22 + -14. What is the units digit of w?
8
Let g(u) = u**2 - 8*u - 9. What is the units digit of g(-6)?
5
Let b(s) = s**3 - 4 + 0*s + 4 + 2*s**2 - s. Let f be b(-2). Suppose 0 = -f*k + 4*l + 8, 3*k + 5*l - 14 = 9. What is the units digit of k?
6
Suppose -4 = l - 34. Suppose -4*p - p + l = 0. Suppose v - 4 - p = 0. What is the units digit of v?
0
Suppose -5*x = -0*x - 3*v - 109, 3*x = -4*v + 48. What is the tens digit of x?
2
Suppose 0*i = -5*i + 15. Let x = -6 - -2. What is the units digit of (-18)/x + i/6?
5
Suppose 0 = 3*v + 10 + 11. Let k(s) = -s**2 - 8*s + 3. What is the tens digit of k(v)?
1
Let q(p) = 2*p**2 - 2*p - 5. Let b be 54/10 - 2/5. What is the units digit of q(b)?
5
Suppose -2*j - 2*k + 5*k = -6, j = 4*k - 7. Let o = 11 - j. What is the units digit of o?
2
Let r = -80 + 170. Suppose -r = 6*z - 9*z. What is the units digit of z?
0
Let m = -2 + 35. What is the units digit of m?
3
Let u(n) = -n + 5. Let f be u(5). Suppose f = 3*t - 3*h - 15, -2*t + 13 = -h - 0*h. What is the units digit of t?
8
Suppose -3 = d - 5. Suppose -3*a + 2*i + d*i = -6, -5*a = 2*i - 10. What is the units digit of a?
2
Let i(p) = 2*p**2 + 2*p + 4. Let r be i(-3). Let n = r + -8. What is the units digit of n?
8
Let w(o) = -o**3 - 7*o + 1. What is the tens digit of w(-5)?
6
Suppose y - 11 = 2*b, 0 = 3*y - 2*y - 4*b - 1. What is the tens digit of y?
2
Suppose 47 + 117 = 4*p. What is the tens digit of p?
4
Let j(l) = -l - 4. What is the units digit of j(-8)?
4
Let i(o) = 12*o**2 + 10*o + 22. What is the tens digit of i(-4)?
7
Suppose 4*o + 10 = 2*j, 2*j + 4 + 11 = -o. Let a = 2 + j. What is the units digit of -2 - (-9)/a*-3?
7
Suppose -z - 4 = 0, -3*d - 2*z + 6 = -31. Let h be 20/d*6/4. Suppose -3*i + 19 = 5*s, 0 = 4*i - h*s - 0*s - 34. What is the units digit of i?
8
Let q(j) = 10*j**3 - j**2 + 2*j. What is the units digit of q(2)?
0
Suppose -3*d + 4*u - 19 = 0, -d + 3 = -3*u + 4*u. Let j(i) = 17*i**2 - i - 1. What is the units digit of j(d)?
7
Let l(v) = -v**3 - 2*v + 1. Let c be l(1). Let u be (3*(-2)/c)/(-1). What is the units digit of (-2)/3*u - -3?
5
Suppose 2*s - 338 - 172 = 0. What is the units digit of s?
5
Suppose -4*i + 4*z = 0, 5*i + 0*i + 4*z - 9 = 0. Suppose 0 = q - 0*q - i. What is the units digit of q?
1
Let v = -2 + -1. What is the units digit of (-70)/v - (-3)/(-9)?
3
Suppose -3*o + 154 = q, 7*o = 4*q + 5*o - 672. What is the units digit of q?
6
Let l = 5 + 1. What is the units digit of l?
6
Let n be 0 - (1 + (2 - 5)). Let m be (n/6)/(1/6). Suppose -m*z = -4*w + 18, -4*z + 0*w - 6 = -2*w. What is the units digit of z?
1
Suppose 0 = -w - 7*w + 848. What is the tens digit of w?
0
Let r be ((-12)/14)/(1/7). What is the units digit of 57*(4 + 20/r)?
8
Let r be 2/3 + (-530)/(-15). Suppose 6*i = 4*i + r. Let l = i - 1. What is the units digit of l?
7
Let i(l) = l + 5. Let h(s) = -8*s**2 + 2*s + 1. Let m be h(-1). Let t be i(m). What is the units digit of (-4)/t*(7 + 0)?
7
Let g(l) = -l**2 + 3*l + 3. Let q be g(3). Suppose -1 + q = m. What is the units digit of (7/(21/30))/m?
5
Let m be 1/((-2*1)/(-2)). Let z(n) = 2*n - 7. Let b be z(9). Let f = b - m. What is the units digit of f?
0
Let z be -9*(-1)/((-9)/(-30)). Suppose -5*k + 82 = -3*r - z, 5*r = -20. What is the tens digit of k?
2
Let n = 258 + -172. What is the units digit of n?
6
Suppose 5*c - s + 10 = 0, 2 = -2*c + 5*s - 2. What is the units digit of (0 - c)/((-2)/(-5))?
5
Let u(s) = s**3 - 13*s**2 + 4*s - 26. Let n be u(13). Suppose -8*b + 25 = -3*b. Suppose -b*q - n = -p - 2*q, 5*q - 30 = -5*p. What is the units digit of p?
1
Let m(y) be the third derivative of -y**6/60 - y**5/20 - y**2. Let h be m(-2). What is the units digit of h/(1/(1 + 0))?
4
Let k be 1/4 - (-3)/(-12). Let h = k + 0. Suppose -j = -3*x - 8, h = -5*j - 6*x + x + 40. What is the units digit of j?
8
Suppose -6*c = -17*c + 594. What is the tens digit of c?
5
Suppose h - 27 = -3*h + 3*m, -4*h - 4*m = 8. Let v = -11 + 